4 - w - 4*h + 5. Calculate the remainder when 10 is divided by y(-2).
4
Suppose -a - 49 + 7 = 0. Let u = 80 + a. Calculate the remainder when u is divided by 10.
8
Let z = 6 - -1. Let n(v) be the first derivative of -v**4/4 - 5*v**3/3 + v**2 - 4*v + 2. Calculate the remainder when n(-6) is divided by z.
6
Suppose 0 = 5*l - 5*y - 35, -3*l + 25 = -y - 0*y. Calculate the remainder when l is divided by 5.
4
Let k = -3 - -2. Suppose -b - p + 61 = 0, 3*b = p + 107 + 76. Calculate the remainder when b is divided by 7/((-2)/6*k).
19
Let v(g) = g + 28. What is the remainder when 58 is divided by v(-13)?
13
Let x(j) = -j**3 - 9*j**2 - 10*j + 9. Suppose -c - 5 = -4*d + 24, d - 11 = 4*c. What is the remainder when x(-8) is divided by d?
4
Calculate the remainder when 9 is divided by (-19)/(-4) + 3/12.
4
Let o(w) = -w - 4. Let d be o(-9). Let m = d - -2. Calculate the remainder when -1 + 1*22 - 1 is divided by m.
6
Let h(z) = 3*z**3 - 4*z**2 + 4*z - 3. Let x = 2 - 0. What is the remainder when h(x) is divided by 5?
3
Suppose -2*c - 18 = -x, 2*c - 48 - 6 = -2*x. Calculate the remainder when 95 is divided by x.
23
Suppose -2*i + 6*i = 228. What is the remainder when i is divided by 38*(-1)/(-2) - -1?
17
Suppose -4*v + 0*v = -104. What is the remainder when v is divided by 9?
8
Let s = -23 + 32. What is the remainder when 42 is divided by s?
6
Let k = -59 + 37. Let x = k - -50. What is the remainder when x*(1 + 0/2) is divided by 10?
8
Calculate the remainder when 116 is divided by ((1 + 0)/(-4))/(8/(-544)).
14
Suppose 3*p - 3*z = -9, 0 = 2*z - 2 - 6. Suppose -p - 6 = -3*c - 2*f, -c - f + 4 = 0. Calculate the remainder when (-1)/(2 + c) + 3 is divided by 1.
0
Suppose -34*g + 35*g = 8. What is the remainder when 19 is divided by g?
3
Suppose b = -b + 20. Suppose 2*h - 3*m - b = -33, -3*m = -4*h - 31. Let v = h + 17. What is the remainder when v is divided by 7?
6
Let j(x) = -3 - 5*x**3 - 5*x**2 + 2*x**3 - 5*x + 4*x**3. Let z be j(6). What is the remainder when 9 is divided by (-1)/z*(-6 + -3)?
0
Let q(v) = v**3 - 7*v**2 + 5*v + 4. Let m be q(6). Let c = 0 - m. Suppose 5*k - 5 = -p + 21, -c*p - k + 34 = 0. Calculate the remainder when p is divided by 6.
4
Let z = 78 + -71. Calculate the remainder when z is divided by (3 + -1)*(2 + -1).
1
Let o(y) = 2*y**2 + 0*y + 6 - 3*y - 10 - y**2. What is the remainder when 41 is divided by o(-3)?
13
Suppose 2*c + a - 12 = 0, -7 = -5*c + 3*a + 34. Calculate the remainder when 26 is divided by c.
5
Suppose -z = -3*z + 4*p + 98, -5*p = -4*z + 190. Calculate the remainder when z is divided by 24.
21
Suppose -5*a - 48 = -i, -3*i + 2*a = -77 - 2. What is the remainder when i is divided by (5/30 + (-17)/(-6))*4?
11
Suppose 0 = -5*x + 8 + 2. What is the remainder when 22 is divided by x/(-8) + (-53)/(-4)?
9
Let a = 9 + 56. Calculate the remainder when a is divided by 17.
14
Suppose 2*i - 4*j = 20, 5*j = 3*i - 0*i - 26. What is the remainder when i is divided by 1?
0
Suppose 0 = -5*h + 4*o + 11, -2*h - 4*o = -7*o - 3. Calculate the remainder when (-22)/(-33)*42/4 is divided by h.
1
Let c(t) be the first derivative of 2*t + 0*t**2 - 2*t**2 - 7 + 8. Calculate the remainder when c(-3) is divided by 5.
4
Let y be 0 + 4 - (4 + 4). Let l = y + 6. What is the remainder when 3 is divided by l?
1
Let m = 64 - 38. Calculate the remainder when 100 is divided by m.
22
Let u = 1 - 3. What is the remainder when u - (-18)/(-2)*-2 is divided by 9?
7
Let g = 52 + 1. What is the remainder when g is divided by 27?
26
Let d(n) = 2*n**2 - 5*n - 1. Suppose -5*w = -4*r - w + 188, -137 = -3*r + 2*w. Calculate the remainder when r is divided by d(4).
10
What is the remainder when 9 is divided by 1 + (-8)/(-2) + -1?
1
Suppose -t = 4 - 5. Calculate the remainder when 46 is divided by ((-12)/9)/(t/(-18)).
22
Let u = -168 + 17. What is the remainder when u/(-2) - (-3)/(-6) is divided by 19?
18
Let f(r) = 2*r**2 + 38*r + 1. What is the remainder when f(-20) is divided by 14?
13
Suppose 13 = g - p, -g - 1 = -5*p - 2. Calculate the remainder when 41 is divided by g.
9
Let b be ((-12)/4)/((-3)/244). What is the remainder when (-6 + 3)*b/(-12) is divided by 21?
19
Suppose 8 = -d + 11. What is the remainder when 8 is divided by d?
2
Suppose -2*d = -7*d + 5, -2*d = 5*u - 22. What is the remainder when u is divided by 2?
0
Let b = 15 + -9. What is the remainder when 11 is divided by b?
5
What is the remainder when 1/4 + 230*2/16 is divided by 15?
14
Let i = 16 + 34. What is the remainder when i is divided by 27?
23
Suppose 2*j - 20 - 6 = 0. What is the remainder when j is divided by 4?
1
Let k = 15 + -12. Suppose -k*a + 77 = -1. Calculate the remainder when 50 is divided by a.
24
Let w = -3 - 4. Calculate the remainder when 10 is divided by ((-18)/w)/(-3)*-7.
4
Let u = -2 - -1. Calculate the remainder when (21/(-6))/(u/2) is divided by 6 + (-1)/(1/3).
1
Suppose -13 = -2*v + 7. Let j = 86 + -36. Suppose -3*f = t - j, 2*f + 14 = -3*t + 38. What is the remainder when f is divided by v?
8
Let l = 89 + -51. Calculate the remainder when l is divided by 12.
2
Let v(j) = 7*j + 1. Let x be v(-1). Let q be ((-6)/(-2))/(x/(-472)). Suppose 7*p - q = 3*p. Calculate the remainder when p is divided by 20.
19
Calculate the remainder when 2/9 + 79/9 is divided by 4.
1
Let a(k) = 25*k**2 - 1. Suppose 3*s = c + 1, -2*c + 2*s = 3*s + 2. Calculate the remainder when a(c) is divided by (-2)/(1*2/(-13)).
11
Suppose -6*p + p + 15 = 0. Let h be 10/4 - 5/(-10). Suppose -4*u = 4*b - 28, h*u - 21 = -3*b - u. Calculate the remainder when b is divided by p.
1
Let a = -46 - -55. Let l(y) = -2*y. What is the remainder when a is divided by l(-2)?
1
Let v(j) = -j**2 + j + 11. Suppose 0 = 3*p - 9. Suppose -p*y = 15 - 78. Calculate the remainder when y is divided by v(0).
10
Let m = 22 + -12. Calculate the remainder when 18 is divided by m.
8
Let f(k) = k**3 - 6*k**2 + 3*k - 6. What is the remainder when 71 is divided by f(6)?
11
Let v(c) = -c**2 + 7*c + 9. Let g be v(7). Suppose -4*d - 2 - 2 = 0. Calculate the remainder when -6*(-6)/g - d is divided by 3.
2
Let v = -66 + 76. Calculate the remainder when 86 is divided by v.
6
Suppose 5*z - 2*q = 36, -2*z + 3*q + 19 = -2. Let t(i) = i**2 - 2*i + 3. What is the remainder when 52 is divided by t(z)?
25
Let v = 27 - 17. Let k = 32 - 16. Suppose -k = -3*f + 41. What is the remainder when f is divided by v?
9
Let p be (0 + 4)*3/4. Suppose p*j = -h + 20, 3*j - 4*j + 2 = 5*h. Suppose 8 = 3*y - j. What is the remainder when 8 is divided by y?
3
Suppose -g - 4*j + 16 = 0, 4*g + 2*j - 48 = g. Let q(y) = 34*y**2 - 1. Let k be q(1). Let p = k + 14. Calculate the remainder when p is divided by g.
15
Suppose 5*g + 99 = 8*g. What is the remainder when g is divided by 18?
15
Suppose 0 = 4*k - 14 + 62. Calculate the remainder when 53 is divided by (-1*7)/(6/k).
11
Suppose -4*o = -66 - 38. Let d = o - 10. Suppose 2*n = 6*n - 124. Calculate the remainder when n is divided by d.
15
Let q(f) = f**2 - 3*f - 6. Let z be q(5). Suppose -z*n + 29 = -143. Suppose 2*l - 2 = 0, -2*l = 3*p + p - 62. What is the remainder when n is divided by p?
13
Let o(i) = i**3 + 7*i**2 + 4*i - 3. Let j be o(-8). Let r be 2/(-11) - 1998/j. Calculate the remainder when 34 is divided by r + (-1)/((-1)/(-2)).
16
Let i = -4 - -1. Let h(w) = -w**2 - 3*w - 4. Let n be h(i). Calculate the remainder when 3 is divided by n/(-10) - (-32)/20.
1
Let d = 85 + -38. Let x be (-6)/(-4)*(-16)/(-6). Suppose -89 = -x*m - 5*q, -5*q + 39 = 3*m - 34. What is the remainder when d is divided by m?
15
Let s(h) = 5*h. Suppose -5*g + 5 = -5*n, -2*g + n = -2*n - 2. Calculate the remainder when 8 is divided by s(g).
3
Let s(t) = 32*t**2. Let l = -829 + 922. What is the remainder when l is divided by s(-1)?
29
What is the remainder when 42 is divided by 1/(685/(-115) - -6)?
19
Suppose 8 = 3*p + 4*d + 4, 2*d + 24 = 5*p. What is the remainder when 9 is divided by p?
1
Suppose 9*x = 4*x + 20. Suppose 3*k - w - 9 + 1 = 0, 2 = -3*k - x*w. What is the remainder when 6 is divided by k?
0
Let j(t) = t**3 - 6*t**2 - 6*t - 5. Let i be j(7). Suppose 5*u - 5 = a, i*a - 4*a - 3*u = -16. Calculate the remainder when 12 is divided by a.
2
Suppose 4 - 1 = i. Let s(j) = -j - 1. Let b be s(0). Calculate the remainder when 0*b/i - -29 is divi